 the units digit of 1945768274?
4
What is the millions digit of 1250069522?
0
What is the thousands digit of 1557763012?
3
What is the tens digit of 2879996088?
8
What is the thousands digit of 179006666?
6
What is the ten millions digit of 327037059?
2
What is the units digit of 104505749?
9
What is the hundred thousands digit of 123556275?
5
What is the millions digit of 139114880?
9
What is the tens digit of 4317346?
4
What is the ten thousands digit of 191170799?
7
What is the ten millions digit of 5500573677?
0
What is the hundred millions digit of 569689425?
5
What is the millions digit of 124905737?
4
What is the thousands digit of 14516640?
6
What is the hundred millions digit of 268821576?
2
What is the billions digit of 6835808543?
6
What is the hundreds digit of 252818662?
6
What is the hundreds digit of 321614097?
0
What is the hundreds digit of 564109552?
5
What is the billions digit of 2286202107?
2
What is the hundreds digit of 89701247?
2
What is the thousands digit of 87654454?
4
What is the hundred millions digit of 207651276?
2
What is the millions digit of 235504437?
5
What is the hundred millions digit of 476428494?
4
What is the tens digit of 195039472?
7
What is the ten millions digit of 3357997654?
5
What is the hundred thousands digit of 3651558442?
5
What is the billions digit of 6245124165?
6
What is the hundred millions digit of 528616071?
5
What is the millions digit of 119516196?
9
What is the hundred millions digit of 692995435?
6
What is the hundred millions digit of 227299620?
2
What is the thousands digit of 173663290?
3
What is the hundred thousands digit of 26008645?
0
What is the hundred thousands digit of 1533107902?
1
What is the millions digit of 437563261?
7
What is the millions digit of 3498489071?
8
What is the ten thousands digit of 28460120?
6
What is the thousands digit of 55119176?
9
What is the billions digit of 5603828850?
5
What is the tens digit of 2453544520?
2
What is the units digit of 714291154?
4
What is the ten thousands digit of 11651227?
5
What is the units digit of 157759918?
8
What is the thousands digit of 29441992?
1
What is the tens digit of 29799465?
6
What is the hundreds digit of 403704476?
4
What is the ten millions digit of 60061657?
6
What is the millions digit of 23616903?
3
What is the hundreds digit of 149067152?
1
What is the hundred thousands digit of 822456827?
4
What is the ten thousands digit of 928442447?
4
What is the hundred thousands digit of 2135744256?
7
What is the ten thousands digit of 49433246?
3
What is the hundred millions digit of 109107711?
1
What is the hundred thousands digit of 5435689730?
6
What is the tens digit of 2540436507?
0
What is the ten thousands digit of 110702664?
0
What is the hundred thousands digit of 457798600?
7
What is the thousands digit of 16556389?
6
What is the millions digit of 412369617?
2
What is the millions digit of 1117160620?
7
What is the hundreds digit of 85749344?
3
What is the units digit of 311983440?
0
What is the hundreds digit of 51026508?
5
What is the millions digit of 138561118?
8
What is the hundreds digit of 84990779?
7
What is the hundred thousands digit of 51839169?
8
What is the units digit of 58750573?
3
What is the thousands digit of 509191344?
1
What is the hundreds digit of 4841413940?
9
What is the hundred thousands digit of 1726485?
7
What is the hundred millions digit of 674645257?
6
What is the tens digit of 4305189035?
3
What is the hundred millions digit of 1026107916?
0
What is the millions digit of 1163339126?
3
What is the ten millions digit of 442043580?
4
What is the ten millions digit of 37626467?
3
What is the units digit of 2751364242?
2
What is the units digit of 1407801081?
1
What is the ten thousands digit of 15645100?
4
What is the hundreds digit of 266373036?
0
What is the billions digit of 3101795607?
3
What is the ten thousands digit of 5564866444?
6
What is the ten millions digit of 3814583822?
1
What is the thousands digit of 108540850?
0
What is the units digit of 8037260?
0
What is the millions digit of 693200571?
3
What is the ten millions digit of 29956375?
2
What is the millions digit of 292094991?
2
What is the tens digit of 80937542?
4
What is the units digit of 31338068?
8
What is the units digit of 198903935?
5
What is the tens digit of 1008662431?
3
What is the hundred thousands digit of 337888349?
8
What is the units digit of 56486562?
2
What is the millions digit of 27019384?
7
What is the hundred millions digit of 163901149?
1
What is the thousands digit of 87579988?
9
What is the hundred thousands digit of 25876154?
8
What is the units digit of 2027994064?
4
What is the millions digit of 56199427?
6
What is the ten millions digit of 1012763174?
1
What is the hundreds digit of 312521485?
4
What is the thousands digit of 83475436?
5
What is the hundred thousands digit of 123065591?
0
What is the tens digit of 555260630?
3
What is the hundred millions digit of 719971277?
7
What is the hundreds digit of 121467721?
7
What is the millions digit of 477870634?
7
What is the hundred thousands digit of 1139750752?
7
What is the units digit of 4213056262?
2
What is the tens digit of 23450635?
3
What is the hundreds digit of 1042894760?
7
What is the hundred thousands digit of 67120593?
1
What is the hundreds digit of 517608429?
4
What is the hundreds digit of 3248491948?
9
What is the ten thousands digit of 140895954?
9
What is the hundred millions digit of 209148600?
2
What is the tens digit of 263837066?
6
What is the ten thousands digit of 1047387055?
8
What is the millions digit of 478976052?
8
What is the tens digit of 462309013?
1
What is the ten thousands digit of 223942677?
4
What is the tens digit of 280713668?
6
What is the hundred thousands digit of 429423440?
4
What is the hundred thousands digit of 293552158?
5
What is the ten thousands digit of 389534824?
3
What is the ten thousands digit of 361533018?
3
What is the units digit of 9575667377?
7
What is the tens digit of 1623585660?
6
What is the hundreds digit of 509264923?
9
What is the tens digit of 6840717?
1
What is the ten millions digit of 1885365649?
8
What is the ten thousands digit of 414667655?
6
What is the units digit of 672270086?
6
What is the units digit of 11635375?
5
What is the units digit of 274899694?
4
What is the hundred millions digit of 4829048011?
8
What is the millions digit of 54383906?
4
What is the tens digit of 214341158?
5
What is the ten millions digit of 47028601?
4
What is the ten thousands digit of 53105597?
0
What is the units digit of 49128645?
5
What is the hundred millions digit of 576253360?
5
What is the hundred millions digit of 333855110?
3
What is the millions digit of 992543318?
2
What is the thousands digit of 1295673910?
3
What is the hundred thousands digit of 108247722?
2
What is the millions digit of 364213419?
4
What is the hundred thousands digit of 188662054?
6
What is the hundreds digit of 840260140?
1
What is the ten millions digit of 822580590?
2
What is the millions digit of 1859055941?
9
What is the tens digit of 60096558?
5
What is the tens digit of 6535819802?
0
What is the hundred millions digit of 1828537929?
8
What is the thousands digit of 173228743?
8
What is the ten thousands digit of 186962383?
6
What is the hundreds digit of 47753845?
8
What is the hundred millions digit of 214195291?
2
What is the hundred millions digit of 411990726?
4
What is the ten millions digit of 120149447?
2
What is the ten thousands digit of 63671584?
7
What is the tens digit of 685913919?
1
What is the hundred thousands digit of 4220275192?
2
What is the billions digit of 1713294089?
1
What is the hundred millions digit of 291300893?
2
What is the ten millions digit of 2538533640?
3
What is the units digit of 15941533?
3
What is the millions digit of 193204255?
3
What is the thousands digit of 1068006211?
6
What is the units digit of 2729424805?
5
What is the hundred millions digit of 473641573?
4
What is the hundreds digit of 117848422?
4
What is the units digit of 1255983419?
9
What is the thousands digit of 399594618?
4
What is the hundred thousands digit of 183541977?
5
What is the tens digit of 2387340?
4
What is the units digit of 762964352?
2
What is the hun